et d be t(8). What is the hundreds digit of 3/(d - 1589/(-791))?
3
Let p(x) = 257*x**2 - 109*x - 719. What is the hundreds digit of p(-6)?
1
Suppose -3*o - 5*l = -15098, 9*o = 4*o - 2*l + 25195. Suppose -13*t + o = -4917. What is the tens digit of t?
6
Suppose 7 = u, -4*b - 2*u = -7*b + 98464. What is the units digit of b?
6
Let l be (-1)/5 + (-2)/(-10). Suppose l*i + 12 = -x + 3*i, 0 = 5*x + 2*i - 25. Suppose -4*f - 488 = -4*m, -6*m - x*f + 453 = -2*m. What is the units digit of m?
7
Suppose 1058*a = 1055*a + 62790. What is the thousands digit of a?
0
Let l = -19871 - -32197. What is the units digit of l?
6
Let b(s) = 16470*s**2 - 115*s + 115. What is the tens digit of b(1)?
7
Let b(h) be the second derivative of 3*h**4/4 - 4*h**3/3 - 11*h**2/2 + 45*h. What is the hundreds digit of b(8)?
5
Suppose -5397*n = -5413*n + 559520. What is the thousands digit of n?
4
Let g(k) = 47*k - 111. Suppose -q - 361 = -367. What is the hundreds digit of g(q)?
1
Suppose -i + l + 1514 = 0, 4*l + 2120 = 2*i - 914. What is the units digit of i?
1
Let i(r) = -3*r + 103*r + 368 - 54. What is the tens digit of i(10)?
1
Let f = 476 + -12. What is the units digit of ((-2 - 75) + 1)*f/(-29)?
6
Let h be 2 + 318/(-24) + 1/4. Suppose 2*r = -6, 5*l = 4*l - 3*r + 10. Let z = h + l. What is the units digit of z?
8
Let r = 7 + -5. Suppose -3*w - r*w + q = -241, w - 3*q = 51. Suppose -7*m + 6*m + w = 0. What is the units digit of m?
8
Let c(u) = -2*u**3 - 5*u**2 + 15*u - 7. What is the hundreds digit of c(-17)?
1
Suppose -450 - 62 = 4*z. What is the units digit of 441 - (z/24 - (-2)/6)?
6
Let y be (1 - 1)*(-2)/6*1. Let h be 3 - (-208 - (y - -2)). Let x = h + -118. What is the tens digit of x?
9
Let l = 76946 + -28237. What is the units digit of l?
9
Let h(k) = 36*k + 372. Let t be h(-6). Suppose -5*r = -3*y - t - 105, 0 = 5*r + 3*y - 279. What is the tens digit of r?
5
Suppose -150250 = 20*c - 38*c - 32*c. What is the units digit of c?
5
Let z(y) = -y + 28. Let i be z(-4). Let v = 242 - i. What is the hundreds digit of v?
2
Suppose -4*x + 998 = -3*x. Suppose 0 = 3*s - 5*p - x, -2*s + 196 = 5*p - 486. Suppose o - s = -3*o. What is the tens digit of o?
8
Suppose -123*w + 185984 = 5*w. What is the tens digit of w?
5
Let m = -5491 + 12142. What is the hundreds digit of m?
6
Let h be 362/8 + -3*(-8)/(-96). Let i = h + 3. Let g = i + -10. What is the units digit of g?
8
Let n = -50 + 32. Let t be (-710)/(-45) - 4/n. Let b = t + 88. What is the tens digit of b?
0
Let l be (-3)/((-5 + 3)/(-1 + 3)). Suppose -y + 0*y - 4*n = -14, -l*n + 6 = 3*y. What is the tens digit of (3*-23)/((-4 - y) + 1)?
6
Let q(j) = 14*j**3 + 11*j**2 - 9*j + 73. What is the tens digit of q(9)?
8
Let a(i) = 395*i**2 - 22*i + 75. What is the hundreds digit of a(6)?
1
Suppose -5*h - 2*r + 231 = 0, 2*h + 0*h + 2*r - 96 = 0. What is the tens digit of (-36)/h + (-3568)/(-10)?
5
Let v(q) = q**3 + 18*q**2 + 31*q - 7. Let r be v(-16). Suppose 0 = r*i - 1297 - 2222. What is the hundreds digit of i?
3
Suppose 0 = -3*b - 2*a - a + 60, 8 = 2*a. Suppose 9*l - 24700 = -b*l. What is the hundreds digit of l?
9
Let g be (8 + 1)*(1 + 7). Suppose d - 13 = g. Let o = d - 27. What is the tens digit of o?
5
Let v = -16063 - -26365. What is the hundreds digit of v?
3
Let s(l) = -l**2 - 8*l + 8. Let n be s(-10). Let t be (n/(-36))/((-2)/6). What is the units digit of 51/((2 - (0 - 0)) + t)?
1
Let f be (2/4)/((-8)/(7648/(-2))). Suppose f*j - 255*j + 17696 = 0. What is the thousands digit of j?
1
Let z(v) = -8840*v - 1277. What is the hundreds digit of z(-2)?
4
Suppose -29*v - 36*v - 983868 = -2393588. What is the units digit of v?
8
Suppose -354430 = -431*w + 421*w. What is the units digit of w?
3
Let s(g) = g**3 - 19*g**2 + 21*g + 30. Suppose 12 + 45 = 3*v. What is the tens digit of s(v)?
2
Suppose -30*b - 8 = -34*b. Suppose 3*q - 2*q - 3 = h, -7 = -b*q + 3*h. Let i = 23 - q. What is the units digit of i?
1
Suppose 9*j = 5*j - 5*x + 12410, -5*j - 3*x + 15493 = 0. What is the tens digit of j?
9
What is the units digit of 33/((-429)/130) - -2*31245?
0
Suppose -18310 - 35081 = -19*t + 371867. What is the tens digit of t?
8
Let x(k) = 60*k**2 + 7*k - 8. Let s(c) = 120*c**2 + 14*c - 15. Let n(b) = -2*s(b) + 5*x(b). What is the tens digit of n(2)?
4
Let s = -2246 + 5652. Suppose -8*a = 358 - s. What is the tens digit of a?
8
Let x = -2372 - -5847. Suppose 5*q + 1361 = 2*u, -2*q + x = 27*u - 22*u. What is the units digit of u?
3
Suppose -5*n = -n + 3*w, n + 5*w = 0. Suppose n = 2*g + g - 381. What is the units digit of g?
7
Let c(q) = q**2 - 12*q + 24. Let s be c(10). Suppose -2*d = 2*u + s, d + 3*u = 8*u + 22. What is the tens digit of ((-12)/15)/(d/(-145))?
5
Suppose -6*l + l - j = -6806, -l - 2*j = -1354. Suppose -111*p = -108*p - l. What is the hundreds digit of p?
4
Suppose -o + 84 = -4*f - 40, -o + 118 = -f. Suppose -356 = -2*w - o. What is the tens digit of w?
2
Let u(x) = 18*x**3 - 8*x**2 - 36*x - 13. What is the units digit of u(7)?
7
Suppose -2*d + 2*a + 5576 = -2492, 5*d + 2*a - 20128 = 0. What is the hundreds digit of d?
0
Suppose 48*v - 11267 = 5389. Suppose -n - z + v = -0*z, -n + z = -351. What is the units digit of n?
9
Let y(x) = x**3 - 8*x**2 + 6*x + 12. Suppose 2*j - 21 = -2*j - 3*i, 5*i = -2*j + 7. Let g(z) = -z**2 + 8*z - 5. Let o be g(j). What is the units digit of y(o)?
5
Suppose 9520 + 4500 = 5*w. Let k be w/(-8) - 1/(-2). What is the hundreds digit of (-76)/57*(-1 - k/(-4))?
1
Suppose 0*g + 20 = -5*g, 4*d - 2*g = 0. What is the tens digit of -1 + 986/12 + d/12?
8
Let x = -6588 + 7178. What is the tens digit of x?
9
Let r be -2*(-12579)/(-24) + 2/8. Let q = -580 - r. What is the tens digit of q?
6
Suppose -4*x = -2*f + 640, 3*f + x - 257 = 675. Let a = f + -53. What is the tens digit of a?
5
Suppose -356*f + 167485 = -315*f. What is the hundreds digit of f?
0
Let x = -46 - -44. What is the hundreds digit of 24/(-36)*2079/x?
6
Let m = 348 + -375. Let g(t) = -29*t + 69. What is the hundreds digit of g(m)?
8
Let r(y) = -122*y - 11. Let n be (2*(-5)/20)/(2/4). What is the hundreds digit of r(n)?
1
Suppose -10896*j + 1620108 = -10875*j. What is the ten thousands digit of j?
7
Suppose -2098*m = -2100*m + 19006. What is the units digit of m?
3
Suppose 0 = 4*w - 4*r - 103760, -408 = -w + 4*r + 25544. What is the tens digit of w?
3
Let p(z) = z + 331. Suppose 27*m + 684 = 8*m. What is the hundreds digit of p(m)?
2
Suppose 5912 = 65*w - 69*w. Let b = w + 2719. What is the thousands digit of b?
1
Let b be (-146328)/(-88) - (-10)/55 - -3. Suppose 9*a - b - 14480 = 0. What is the hundreds digit of a?
7
Let r = 3407 - 1313. Suppose -42*x = -44*x + r. What is the thousands digit of x?
1
Let q(k) = k**2 + 1. Suppose 3*z + d = -d + 1, 0 = -4*z - 2*d. Let h be q(z). Suppose 119 = 2*g - f, -80 = -5*g + h*f + 219. What is the tens digit of g?
6
Let a = -5199 - -18975. What is the ten thousands digit of a?
1
What is the tens digit of 75 - 62 - (-2 - 3997)?
1
Let l(h) = 4*h + 4. Let b(i) be the second derivative of i**5/20 + i**4/2 + 2*i**3/3 + 27*i**2/2 + 27*i. Let s be b(-6). What is the tens digit of l(s)?
1
Let n be 2/(-7) - (-46080)/70. What is the hundreds digit of (-29)/(-58)*(n + 0)?
3
Let y(w) = 68*w**2 - 4*w + 11. Let d be y(3). Let f = -296 + d. What is the tens digit of f?
1
Suppose 47*a = 52*a + 10. Let m(i) = -76*i - 6. What is the hundreds digit of m(a)?
1
Suppose -5*j - 4*v = -7*v - 3152, 0 = -3*j + 5*v + 1888. Suppose -3*a + 2*c = -j, 0 = -a - 3*c - 6 + 231. What is the hundreds digit of a?
2
Let v(u) = -u**2 - 163*u + 1087. What is the thousands digit of v(-78)?
7
Let o(g) = -g**3 - 5*g**2 - 6*g - 6. Suppose -1 = -2*p - 9. Let t be o(p). Suppose 5*u + 5*d - 185 = 0, -4*u + 5*d = t*d - 169. What is the units digit of u?
0
Suppose 13*x + 107432 = 65*x. What is the tens digit of x?
6
Let r(a) = 3*a**3 - 33*a**2 - 105*a - 27. What is the units digit of r(25)?
8
Suppose 34*c - 18*c = 17*c. Suppose -105 = 7*u - c. What is the tens digit of (-42)/(-8)*-136*5/u?
3
Suppose 125*p = -30*p + 2393510. What is the thousands digit of p?
5
What is the tens digit of (110/(-20) + 6)*-3424*-1?
1
Suppose 0 = 5*c + 5 - 0, 4*x - 5*c = 89. Let u = x - 20. Let f(n) = 3*n**2 - 1. What is the units digit of f(u)?
2
Let d be 3 + 4/(-5) + 2/(-10)